112342949.
112342949
List the prime factors of 72209177.
19, 61, 62303
List the prime factors of 1783177199.
337, 5291327
What are the prime factors of 94789977?
3, 17, 109331
What are the prime factors of 105584329?
23, 439, 10457
List the prime factors of 5320025.
5, 212801
What are the prime factors of 4435152224?
2, 138598507
List the prime factors of 79925630.
2, 5, 1109, 7207
List the prime factors of 111794955.
3, 5, 19, 392263
List the prime factors of 485000180.
2, 5, 7, 1297, 2671
List the prime factors of 35603458.
2, 11, 179, 9041
What are the prime factors of 234548218?
2, 17, 509, 13553
What are the prime factors of 863245867?
11, 19, 23, 179581
List the prime factors of 93033194.
2, 46516597
List the prime factors of 2897413542.
2, 3, 160967419
What are the prime factors of 20574643?
977, 21059
List the prime factors of 1430094689.
17, 139, 769, 787
What are the prime factors of 19630253?
163, 120431
List the prime factors of 86449734.
2, 3, 7, 19, 12037
What are the prime factors of 167027763?
3, 7, 1613, 4931
List the prime factors of 333521992.
2, 41690249
List the prime factors of 605615586.
2, 3, 47, 1031, 2083
What are the prime factors of 2188516258?
2, 157, 601, 11597
List the prime factors of 79138135.
5, 19, 833033
List the prime factors of 2020094867.
7, 288584981
List the prime factors of 1379681576.
2, 7, 13, 1895167
List the prime factors of 52414996.
2, 19, 283, 2437
What are the prime factors of 604885607?
604885607
What are the prime factors of 40008908?
2, 19, 103, 269
What are the prime factors of 1801818487?
7, 31, 101, 229, 359
What are the prime factors of 2187505411?
7, 13, 53, 139, 251
What are the prime factors of 19216592?
2, 23, 79, 661
List the prime factors of 2155186843.
269, 8011847
List the prime factors of 844955394.
2, 3, 233, 313, 1931
What are the prime factors of 117708721?
13, 593, 15269
What are the prime factors of 24432252?
2, 3, 13, 19, 8243
What are the prime factors of 383417015?
5, 23, 257, 12973
List the prime factors of 13020191.
13020191
What are the prime factors of 122884671?
3, 7, 13, 450127
What are the prime factors of 2252012886?
2, 3, 19, 6584833
List the prime factors of 1450691956.
2, 7, 51810427
List the prime factors of 255806474.
2, 7, 11, 103, 16127
What are the prime factors of 41435354?
2, 20717677
What are the prime factors of 422949475?
5, 13, 47, 27689
What are the prime factors of 25427025?
3, 5, 13, 8693
List the prime factors of 7845964.
2, 7, 79, 3547
List the prime factors of 178349294.
2, 43, 79, 26251
What are the prime factors of 408230702?
2, 11, 443, 41887
List the prime factors of 55355537.
79, 700703
List the prime factors of 478681562.
2, 137, 1747013
List the prime factors of 272456719.
2161, 126079
List the prime factors of 45414809.
11, 79, 4751
What are the prime factors of 5676253?
11, 516023
What are the prime factors of 194331142?
2, 5273, 18427
List the prime factors of 169207094.
2, 7, 1726603
List the prime factors of 894906779.
13, 269, 255907
List the prime factors of 159430690.
2, 5, 29, 79, 6959
What are the prime factors of 581136450?
2, 3, 5, 3874243
What are the prime factors of 236894236?
2, 151, 392209
List the prime factors of 1659488103.
3, 7, 13, 59, 61, 563
List the prime factors of 1381086963.
3, 47, 193, 5639
What are the prime factors of 117602574?
2, 3, 593, 33053
What are the prime factors of 30121055?
5, 1459, 4129
List the prime factors of 138372342.
2, 3, 113, 127, 1607
What are the prime factors of 24298385?
5, 397, 12241
List the prime factors of 32852759.
32852759
What are the prime factors of 38493501?
3, 61, 210347
List the prime factors of 78436710.
2, 3, 5, 11, 79229
What are the prime factors of 98416098?
2, 3, 11, 497051
What are the prime factors of 42803486?
2, 11, 67, 71, 409
What are the prime factors of 402051541?
1613, 249257
List the prime factors of 42063414.
2, 3, 7010569
What are the prime factors of 1853219713?
6469, 286477
List the prime factors of 9767515.
5, 1953503
What are the prime factors of 335465213?
335465213
What are the prime factors of 68083289?
19, 23, 155797
List the prime factors of 48773280.
2, 3, 5, 101611
What are the prime factors of 29041148?
2, 7260287
What are the prime factors of 51800456?
2, 6475057
What are the prime factors of 5152632937?
23, 3271, 68489
List the prime factors of 7667506.
2, 7, 11, 49789
What are the prime factors of 2229145435?
5, 11, 40529917
List the prime factors of 76272904.
2, 9534113
List the prime factors of 12896424.
2, 3, 37, 47, 103
What are the prime factors of 66518416?
2, 17, 244553
What are the prime factors of 41291694?
2, 3, 254887
List the prime factors of 887960828.
2, 221990207
What are the prime factors of 117216292?
2, 17, 1723769
List the prime factors of 1625795641.
23, 70686767
What are the prime factors of 340188644?
2, 41, 2074321
What are the prime factors of 593333269?
17, 73, 179, 2671
What are the prime factors of 110687454?
2, 3, 23, 41, 6521
List the prime factors of 261822814.
2, 11, 17, 311, 2251
What are the prime factors of 3075962684?
2, 23, 2441, 13697
List the prime factors of 6003405.
3, 5, 71, 1879
What are the prime factors of 30430009?
47, 409, 1583
What are the prime factors of 50536300?
2, 5, 79, 6397
What are the prime factors of 233444125?
5, 1867553
List the prime factors of 222662173.
149, 1494377
What are the prime factors of 8182412148?
2, 3, 41, 16630919
What are the prime factors of 61364345?
5, 7, 23, 31, 2459
What are the prime factors of 5768782160?
2, 5, 557, 129461
What are the prime factors of 12023522?
2, 7, 17, 1031
What are the prime factors of 34806191?
7, 17, 292489
What are the prime factors of 15616967?
15616967
List the prime factors of 312589327.
312589327
List the prime factors of 64119496.
2, 7, 241, 4751
List the prime factors of 1523315548.
2, 97, 109, 181, 199
List the prime factors of 340814986.
2, 8009, 21277
What are the prime factors of 22838578?
2, 7, 821, 1987
List the prime factors of 145447851.
3, 37, 61, 21481
List the prime factors of 151803304.
2, 37, 512849
What are the prime factors of 24104561?
13, 47, 39451
List the prime factors of 136451934.
2, 3, 7580663
List the prime factors of 52406304.
2, 3, 545899
What are the prime factors of 4349241353?
2957, 1470829
List the prime factors of 1477807.
1477807
List the prime factors of 41848518.
2, 3, 47, 148399
List the prime factors of 159874563.
3, 53291521
List the prime factors of 4214891243.
17, 23, 109, 98897
What are the prime factors of 560686771?
560686771
What are the prime factors of 1762344?
2, 3, 41, 199
What are the prime factors of 449137686?
2, 3, 74856281
What are the prime factors of 4148089852?
2, 163, 941, 6761
List the prime factors of 1124338357.
19, 3673, 16111
What are the prime factors of 726327076?
2, 97, 293, 6389
What are the prime factors of 59968627?
59968627
List the prime factors of 154614213.
3, 13, 101653
List the prime factors of 270802436.
2, 89, 173, 4397
List the prime factors of 906834356.
2, 19, 47, 127, 1999
List the prime factors of 43769857.
43769857
List the prime factors of 349939426.
2, 174969713
What are the prime factors of 1484659048?
2, 1303, 142427
List the prime factors of 495154925.
5, 23, 861139
List the prime factors of 905458344.
2, 3, 7, 619, 8707
What are the prime factors of 660718197?
3, 73413133
List the prime factors of 53147322.
2, 3, 2952629
List the prime factors of 25628508.
2, 3, 237301
List the prime factors of 51204791.
11, 19, 337, 727
List the prime factors of 69785134.
2, 2089, 16703
List the prime factors of 807250059.
3, 7, 11, 166409
What are the prime factors of 156890966?
2, 78445483
List the prime factors of 572273209.
409, 1399201
List the prime factors of 420286354.
2, 7573, 27749
List the prime factors of 286365514.
2, 143182757
What are the prime factors of 514746778?
2, 7, 13, 79, 35801
List the prime factors of 368101678.
2, 7, 37, 710621
What are the prime factors of 264999357?
3, 7, 467371
List the prime factors of 282549079.
282549079
List the prime factors of 214186098.
2, 3, 7, 5099669
List the prime factors of 3823343032.
2, 477917879
What are the prime factors of 234047908?
2, 17, 23, 263, 569
What are the prime factors of 112604026?